and r?
8
Suppose 0 = j + l - 109, 3*j + 21*l = 24*l + 303. Calculate the highest common factor of 910 and j.
35
Suppose c + 3*c - 560 = 0. Suppose -r + c = r. What is the highest common factor of r and 10?
10
Suppose 5*j + q = -0*q + 495, -4*q + 20 = 0. What is the greatest common factor of 1862 and j?
98
Suppose 3*s + 16 = n, 5*n - 2*s = 2*s + 91. Calculate the greatest common factor of n and 19.
19
Let q be 2/(-3*8/(-60)). Suppose -p - 12 = -2*o, q - 21 = -4*o. Let j be 1947/12 - (-1)/p. Calculate the greatest common divisor of j and 18.
18
Let s(n) = 2*n**2 + 4*n - 4. Let o be s(-3). Suppose 4*y = -3*j + 200, -o*j + 0*y = y - 125. What is the highest common divisor of j and 20?
20
Let m = -17 + 119. Let l = m - 90. What is the highest common divisor of 132 and l?
12
Let m be 9/(-3) - 16/(-2). Suppose 2*n = -a + 329, 5*n - a + m*a - 821 = 0. Calculate the highest common factor of 15 and n.
15
Let j be 46*(222/296 - (-198)/8). What is the highest common divisor of 17 and j?
17
Suppose -4*x + 26 = 5*n, n - 6*n - 3*x + 22 = 0. Let q be 858/3 - (1 - n - -1). Calculate the highest common divisor of 26 and q.
26
Let c = -433 - -457. Calculate the highest common factor of c and 552.
24
Let m = 7 - 5. Suppose -5*v = -m*l - 0*v + 77, -144 = -3*l - 2*v. Let p = l + -28. What is the highest common factor of p and 144?
18
Let t(g) = 12*g + 23. Let u be t(-8). Let c = u + 82. What is the highest common factor of 72 and c?
9
Let p = -19 - -31. Let w = 47 - p. Suppose 4*g - 45 = -5*g. What is the highest common factor of g and w?
5
Suppose 0 = -7*y - 293 + 83. Let g be (100/y)/((-2)/3). Let v(z) = z**2 + z - 5. Let t be v(g). What is the greatest common factor of 5 and t?
5
Let v = 0 + 2. Suppose v*q = h - 0*q - 15, -4*q + 75 = 5*h. Let i = 619 + -514. What is the greatest common divisor of i and h?
15
Let g = -30 + 31. Let d = -1148 + 3521. Let h be g/4 + d/12. What is the highest common divisor of h and 18?
18
Suppose 101 = 2*c + 5. Let l be 14/4 + (-22)/44. Calculate the greatest common factor of c and l.
3
Suppose 4*b + 494 = -l, 0*b - b + 2*l - 119 = 0. Let s = 186 + b. What is the greatest common factor of s and 42?
21
Let u = -252 + 364. Calculate the greatest common factor of u and 32.
16
Suppose 7*p = 2*p + 980. Suppose 4*j - p = -3*b, 0*b + 3*b = -j + 184. Suppose 60 = -6*l + 10*l. What is the greatest common divisor of b and l?
15
Let g be 2/11 - (-984)/33. Let r be -15*1/2*-2. Calculate the highest common divisor of r and g.
15
Suppose z = 3 - 1. Suppose 5 = -f + z*v + 27, -3*v = 4*f - 66. Suppose 4*g + 2 = f. What is the highest common factor of 4 and g?
4
Let p(h) = 28*h**2 - h - 2. Let k be p(-2). Let n be 1*k/4 + 2. Calculate the greatest common factor of 240 and n.
30
Suppose 3*o - o = -58. Let b = -20 - o. Let v be (-61)/(-7) - 2/(-7). What is the greatest common divisor of b and v?
9
Let x(q) = 29*q + 200. Let t be x(0). Calculate the highest common factor of 80 and t.
40
Let p be 2/((-8)/6)*-6. Suppose -4*y + p*y = 190. Let d = -1033 + 1090. What is the greatest common divisor of y and d?
19
Let l(m) = 0*m**3 - 3*m - 4*m**2 + m**3 + 7*m**2. Let t be l(-3). Let b = -16159 + 16258. What is the highest common factor of b and t?
9
Suppose 13*u - 18*u = 75. Let t = u - -20. Suppose 2*k + t*c - 284 - 71 = 0, c = 5. Calculate the highest common divisor of k and 15.
15
Let f(q) = q + 10. Let a be f(-6). Let s = 722 + -704. What is the highest common factor of s and a?
2
Suppose 305*y + 294 = 308*y. Calculate the highest common factor of 441 and y.
49
Let c(m) = m**3 - 5*m**2 + 3*m + 4. Let i be c(8). Let x = i - 155. Let p = -31 - -57. What is the greatest common divisor of p and x?
13
Suppose -67*j + 2970 = -56*j. Calculate the greatest common divisor of 30 and j.
30
Suppose 16 = 4*t + 2*h, -h = 4*h - 10. Suppose -2*m = 10, -4*k = -t*m + m - 118. Calculate the highest common divisor of 3 and k.
3
Let i(a) = -2*a**3 + 29*a**2 - 69*a + 4. Let f be i(11). Calculate the greatest common divisor of 184 and f.
92
Let f(b) = 8*b**2 + b. Let x be f(3). Suppose 0 = -5*h + 75*t - 70*t + 260, 4*h - 204 = 2*t. What is the highest common factor of x and h?
25
Suppose 0 = 6*z + 250 - 406. What is the highest common factor of 1586 and z?
26
Let s(x) = -19*x + x**3 - 17*x + 28*x - 16 - 10*x**2. Let y be s(11). What is the highest common factor of y and 34?
17
Let v(y) be the first derivative of 3*y**2 - 36*y - 14. Let c be v(7). What is the greatest common factor of c and 42?
6
Suppose -2*w + 10 = 4. Suppose -3*r - y = -2*y - 31, r = -3*y - w. Suppose -1 = 2*x - r. What is the greatest common factor of x and 4?
4
Suppose o = -4*o. Suppose 2*i - 76 - 324 = o. Let b be 10/(-8)*2*(302 - 312). Calculate the highest common factor of i and b.
25
Suppose 3 = k, -g - 64 = 3*k - 149. What is the highest common divisor of 247 and g?
19
Suppose 0 = 29*z - 52*z + 3726. Calculate the greatest common factor of z and 2997.
81
Suppose -2*b - 752 = -4*u - 6*b, 3*u - 564 = 4*b. Let k = 142 + u. What is the greatest common factor of k and 33?
33
Let s = 124 + -89. Let c = -17 + s. What is the highest common divisor of c and 90?
18
Let h(w) = 16*w - 22. Let y be h(7). Let s be (10/(-3))/(4/6). Let p = 15 + s. What is the greatest common factor of y and p?
10
Suppose l = -2*i + 55, 3*l - 3*i - 157 = -i. Calculate the highest common factor of l and 848.
53
Let v be 14/4*2 - (-16 - -14). Suppose 4*r = -v*r + 299. Calculate the highest common factor of r and 92.
23
Let f be (-63)/6*16/(-12). Calculate the greatest common factor of 266 and f.
14
Suppose -42 = -4*w + 2*w. Let v = -16 + w. Suppose v*g - 5 = -l + 3, -4*g - 62 = -3*l. What is the greatest common factor of l and 45?
9
Let z be 6/3*-5 + 3. Let m(o) = -o**2 - 7*o + 5. Let q be m(z). Suppose q*b - 16 = -3*v + 28, 0 = v - 4*b - 26. What is the highest common factor of 18 and v?
18
Suppose 0 = 3*j - j - 16. Let d = -1032 - -1104. What is the greatest common factor of j and d?
8
Suppose -k + 86 = -5*z, -4*k + 3*z = -0*k - 361. Suppose 0 = -3*d - 3*y + y + 47, 5*d = -3*y + 77. What is the greatest common factor of d and k?
13
Let u = 43 + -13. Suppose 0 = -3*a + u + 69. Let d = -1 - -4. Calculate the greatest common factor of d and a.
3
Let u be 8 - ((-88)/110 + (-6)/5). What is the highest common divisor of u and 195?
5
Suppose 69 = 8*z - 99. Suppose 20*c = z*c - 21. Calculate the greatest common divisor of c and 21.
21
Let a(k) = -k**2 - 33*k + 43. Let p be a(-27). What is the greatest common divisor of p and 82?
41
Suppose 3*z - 15*g + 12*g - 93 = 0, z - 15 = -3*g. Calculate the greatest common divisor of z and 69.
3
Let z = -24 - -74. Let d be z/(-4)*(-14)/35. Suppose 4*j + 76 = 4*w, -5*w = j - 50 - 51. Calculate the greatest common divisor of d and w.
5
Let k(i) = -37*i - 177. Let b be k(-15). What is the highest common divisor of b and 168?
42
Let d be (4/(-12))/(2/6). Let s be 1/(3*d/(-33)). Let v = 247 - 126. Calculate the highest common divisor of v and s.
11
Let w = 34 - -87. Let h = -23 + w. Let x be 2/(6/168*4). Calculate the highest common factor of h and x.
14
Let f be ((-6)/45 - (-10)/75) + 8. Suppose 0 = -4*x + 113 + 175. What is the greatest common factor of x and f?
8
Suppose -4*g + 30 = 5*a - 10, 0 = 3*a - 2*g - 46. Let v(t) = -2*t**3 - 5*t**2 + 4*t - 9. Let w be v(-5). Calculate the greatest common factor of w and a.
12
Let r = 497 + -487. Suppose 3*l - 34 = -g - 10, 23 = 5*l - 4*g. Suppose 0 = -5*c + 43 + l. Calculate the greatest common factor of c and r.
10
Suppose -3*k + 293 = -2*k. Suppose -2*i = -4*q - 228 - 50, 4*q - 5*i + k = 0. Let t = q + 166. What is the highest common factor of t and 9?
9
Let s(n) = -2*n**3 + 107*n**2 + 165*n + 18. Let c be s(55). Calculate the highest common factor of c and 711.
9
Suppose i - 300 = -i. Suppose o = -2*o + i. Suppose 3*k - g = -2*g + 30, -g - 20 = -2*k. Calculate the greatest common factor of k and o.
10
Let v be (-4)/10 - (-12)/30 - -9. What is the greatest common divisor of v and 189?
9
Let n = -443 - -938. What is the greatest common divisor of 110 and n?
55
Suppose 0 = 7*s - 3*s + 12, -5*w + 5*s + 150 = 0. What is the greatest common factor of w and 621?
27
Let o = 24 + -27. Let y be ((-28)/6)/(o - (-79)/27). What is the highest common divisor of y and 7?
7